
13
Let n(f) = f**3 - 24*f**2 - 4*f + 102. Determine n(24).
6
Let t(s) = -18*s**2 + 74*s - 9. Give t(4).
-1
Let z(s) = s**2 - 10*s + 10. Calculate z(8).
-6
Let q(m) = 3*m - 1. Calculate q(-3).
-10
Let t(a) = a**3 - 9*a**2 + 5*a - 2. What is t(8)?
-26
Let s(i) = -i**2 - i + 8. Give s(-8).
-48
Let r(n) = n**2 + 8*n - 6. What is r(1)?
3
Let w(q) = -q**3 - 13*q**2 + 15*q + 5. Give w(-14).
-9
Let g(s) = s**2 - 4*s - 2. What is g(4)?
-2
Let t(l) = -4*l - 43. Determine t(-11).
1
Let r(w) = 4*w - 6. What is r(4)?
10
Let i(q) = q**3 - 20*q**2 - 46*q - 17. Determine i(22).
-61
Let k(z) = -4*z - 62. What is k(-17)?
6
Let q(m) = -12*m - 66. What is q(-8)?
30
Let x(l) = l**3 - 7*l**2 - l + 6. Calculate x(7).
-1
Let u(x) = 3*x**2 + 10*x + 11. Calculate u(-2).
3
Let s(l) = l**3 + 2*l**2 - 3*l - 8. What is s(4)?
76
Let m(n) = -18*n + 73. Calculate m(4).
1
Let c(o) = -o**3 + 2*o**2 - 2*o - 48. What is c(0)?
-48
Let i(l) = l**3 + 10*l**2 - 13*l + 18. What is i(-11)?
40
Let u(w) = w**3 + 10*w**2 + 7*w - 20. Give u(-9).
-2
Let p(i) = -i - 23. Calculate p(-8).
-15
Let d(x) = -4*x**2 - 4*x + 3. Determine d(-4).
-45
Let y(h) = -h**3 + 12*h**2 + h + 12. Determine y(12).
24
Let t(a) = -a**2 - 14*a - 6. Give t(-13).
7
Let r(a) = a**3 + 26*a**2 + 27*a + 22. Determine r(-25).
-28
Let v(w) = w - 5. Determine v(8).
3
Let y(s) = s**3 - 2*s**2 - 11*s - 20. Determine y(6).
58
Let h(p) = -p**3 - 12*p**2 + 15*p + 4. Give h(-13).
-22
Let g(j) = 3*j**2 - 27*j + 56. Calculate g(4).
-4
Let m(c) = 2*c + 1. What is m(8)?
17
Let v(r) = -r**2 + 3*r + 5. What is v(-5)?
-35
Let k(l) = -l - 12. Calculate k(6).
-18
Let a(c) = c**3 + 8*c**2 + 2*c + 2. Calculate a(-8).
-14
Let v(r) = -39*r + 1. What is v(-1)?
40
Let h(b) = -b**3 - 3*b**2 + b + 4. Determine h(-3).
1
Let f(r) = -4*r**2 - r + 1. Give f(-6).
-137
Let d(l) = 28*l**2. Determine d(1).
28
Let l(g) = 10*g - 461. Give l(46).
-1
Let b(m) = -m**2 - 9*m. Determine b(-8).
8
Let b(o) = o**2 + 2*o + 2. What is b(-2)?
2
Let q(h) = h**3 - 4*h**2 - 3*h + 12. Determine q(2).
-2
Let t(d) = d**3 + 3*d**2 - 4. What is t(2)?
16
Let n(m) = -3*m**2 + 3*m - 18. Calculate n(3).
-36
Let s(h) = h**3 + 2*h**2 - 6*h - 2. Determine s(-4).
-10
Let k(i) = -i**2 + 12*i - 9. Calculate k(10).
11
Let p(v) = -v**3 - 5*v**2 + 11*v + 64. What is p(-5)?
9
Let i(r) = -4*r + 98. Determine i(21).
14
Let l(b) = 10*b - 318. What is l(32)?
2
Let c(i) = i**3 + 7*i**2 - 8*i - 10. What is c(-8)?
-10
Let x(b) = 5*b - 112. Calculate x(11).
-57
Let j(p) = -p**3 - 3*p**2 + 6*p + 2. What is j(-4)?
-6
Let f(q) = -4*q. Determine f(-11).
44
Let i(s) = -s**3 + 7*s**2 + 9*s - 7. Calculate i(8).
1
Let r(o) = -o**3 - 4*o**2 - o + 4. Determine r(-3).
-2
Let o(w) = -2*w**2 - 10*w - 5. Calculate o(-9).
-77
Let p(i) = 28*i + 71. What is p(-3)?
-13
Let x(v) = v**2 - 8*v + 6. Determine x(8).
6
Let d(j) = -j**2 - j + 23. Give d(-6).
-7
Let n(s) = -s**3 + 15*s**2 - 23*s - 43. Determine n(13).
-4
Let f(m) = 21*m + 18. Determine f(3).
81
Let l(g) = -g + 16. Determine l(4).
12
Let s(j) = -20*j - 27. Determine s(-1).
-7
Let f(t) = 20*t - 15. What is f(6)?
105
Let v(o) = 4*o - 14. Calculate v(5).
6
Let h(n) = n + 4. Determine h(2).
6
Let p(w) = -w**3 - 7*w**2 + 9*w + 7. Determine p(-7).
-56
Let o(l) = -19*l**3 + 3*l**2 + 3*l - 1. Determine o(-1).
18
Let i(d) = d - 13. Determine i(-2).
-15
Let v(a) = a**2 - 5*a - 15. Calculate v(6).
-9
Let m(g) = g**3 - 2*g**2 + 1. Give m(4).
33
Let k(y) = 20*y**2 + 120*y + 8. Determine k(-6).
8
Let g(n) = 3*n**2 + 3*n - 12. Determine g(3).
24
Let u(q) = 2*q**2 - 27*q - 37. What is u(15)?
8
Let n(k) = -k**3 - 2*k**2 + 10. What is n(0)?
10
Let f(j) = -j**3 + 4*j**2 + 17*j - 18. What is f(6)?
12
Let k(r) = -r**2 - 3*r + 7. Determine k(-8).
-33
Let h(v) = -v**3 + 11*v**2 - 9*v + 3. Determine h(10).
13
Let c(k) = -k**3 + 4*k**2 - 9*k + 18. Determine c(4).
-18
Let a(v) = -2*v + 14. Determine a(-10).
34
Let j(h) = h**3 + 27*h**2 - 31*h - 90. Give j(-28).
-6
Let r(g) = g**3 - g**2 + 17. What is r(0)?
17
Let k(u) = -11*u**2 + 67*u + 10. Calculate k(6).
16
Let n(a) = -a - 64. Give n(0).
-64
Let c(k) = -k**3 + 4*k**2 + 5*k - 11. Determine c(4).
9
Let o(d) = 16*d + 100. Determine o(-7).
-12
Let y(r) = 2*r - 14. Calculate y(6).
-2
Let z(r) = r**3 - 3*r**2 - 12*r + 10. Give z(5).
0
Let t(j) = -j + 14. Calculate t(5).
9
Let r(q) = q**2 + 13*q - 18. Determine r(-12).
-30
Let v(h) = -5*h**2 + 9*h - 20. Determine v(4).
-64
Let m(b) = -23*b + 7. Calculate m(3).
-62
Let r(q) = -q**3 + 7*q**2 - 6*q + 3. What is r(7)?
-39
Let l(b) = b**2 - 4*b - 11. What is l(6)?
1
Let b(w) = -3*w**2 - 22*w + 18. What is b(-9)?
-27
Let z(n) = -2*n + 56. Calculate z(12).
32
Let m(f) = 3*f**2 + 2*f + 3. Determine m(-3).
24
Let l(k) = -k**2 + 13*k - 50. Calculate l(6).
-8
Let q(o) = -o**3 - 4*o**2 + 2*o - 9. Determine q(-5).
6
Let n(j) = -3*j**2 + 3*j - 10. Determine n(4).
-46
Let q(s) = s**2 - 11*s + 14. Determine q(6).
-16
Let b(d) = -d**2 - 3*d. Determine b(5).
-40
Let c(z) = 29*z - 443. Calculate c(15).
-8
Let f(q) = -2*q - 11. What is f(-3)?
-5
Let n(o) = -13*o + 5. What is n(2)?
-21
Let u(l) = l**3 - 4*l**2 - 12*l + 12. Calculate u(6).
12
Let h(p) = p**3 + 12*p**2 - 17*p + 16. Determine h(-13).
68
Let d(x) = -x - 26. Calculate d(0).
-26
Let v(j) = -j**2 + 3*j + 3. Determine v(5).
-7
Let p(t) = t**3 - 20*t**2 + 4*t - 38. Determine p(20).
42
Let c(w) = 2*w + 49. Determine c(-22).
5
Let x(c) = -4*c + 129. Determine x(32).
1
Let l(d) = 4*d + 34. Determine l(-10).
-6
Let u(i) = -i**2 - 32*i - 63. Calculate u(-28).
49
Let f(m) = 122*m + 2. Calculate f(-1).
-120
Let a(l) = -l - 16. Determine a(-4).
-12
Let a(d) = -d**3 - 19*d**2 - 19*d - 23. Determine a(-18).
-5
Let q(z) = 22*z + 47. Determine q(-2).
3
Let d(w) = 3*w + 24. Determine d(-10).
-6
Let n(i) = 19*i**3 - 4*i**2 + 2*i + 2. Determine n(1).
19
Let k(i) = -i**3 - 8*i**2 - 9*i + 7. Determine k(-7).
21
Let v(p) = -7*p**2 - 9*p + 3. Calculate v(-4).
-73
Let d(a) = -a - 14. Give d(5).
-19
Let v(t) = -7*t - 49. What is v(-6)?
-7
Let p(c) = -c**3 + c**2 - c - 8. Determine p(-2).
6
Let h(n) = 4*n - 152. Give h(36).
-8
Let b(k) = -35*k**3 + 2*k**2 - 1. Determine b(1).
-34
Let j(h) = -4*h + 46. Give j(14).
-10
Let f(k) = -k**3 - 5*k**2 - 4*k - 3. Calculate f(-4).
-3
Let y(h) = -2*h - 3. Determine y(3).
-9
Let n(x) = -47*x. Calculate n(1).
-47
Let u(c) = c**2 + 8*c + 6. What is u(-7)?
-1
Let a(z) = z**3 + 2*z**2 - z - 7. Give a(-2).
-5
Let x(f) = f - 32. Calculate x(22).
-10
Let h(z) = z**2 - 35*z - 99. Give h(37).
-25
Let f(g) = 2*g**2 + 36*g - 68. Give f(-19).
-30
Let q(x) = x**3 - 7*x**2 + 4*x - 1. What is q(6)?
-13
Let l(n) = n**2 + 37*n + 288. Calculate l(-24).
-24
Let b(l) = l**2 - 13*l + 1. Give b(6).
-41
Let r(g) = -2*g**3 - g**2 + g. Calculate r(3).
-60
Let w(f) = f**3 - 7*f**2 + 12*f - 25. What is w(6)?
11
Let f(w) = -w**3 - 11*w**2 - 10*w + 5. Calculate f(-10).
5
Let t(b) = b**2 + 6*b + 6. Give t(-7).
13
Let w(a) = a**3 + 6*a**2 - 4. Calculate w(-6).
-4
Let p(i) = i**2 + 8*i - 3. Determine p(-6).
-15
Let q(x) = x**3 - 6*x**2 - 8*x + 10. Determine q(7).
3
Let c(v) = 2*v**3 + 4*v**2 + 6*v - 7. What is c(-4)?
-95
Let f(w) = w**2 - 5*w - 35. Calculate f(-5).
15
Let h(a) = -2*a**2 + 9*a - 26. What is h(4)?
-22
Let t(i) = -7*i + 51. Give t(7).
2
Let t(w) = w**3 + 6*w**2 - w - 32. Determine t(-5).
-2
Let q(t) = -14*t - 148. Calculate q(-11).
6
Let l(y) = -y**2 - 13*y + 14. Determine l(-13).
14
Let o(z) = -z**2 + 8*z + 4. Calculate o(7).
11
Let i(s) = -s**3 + 4*s**2 - s - 5. Give i(3).
1
Let h(p) = -2*p**3 - p**2 + p - 1. Calculate h(1).
-3
Let q(h) = -h**3 + h**2 - 18. Calculate q(0).
-18
Let s(j) = -j**2 - 11*j + 40. What is s(5)?
-40
Let t(b) = -2*b**2 - 4*b. Calculate t(-4).
-16
Let p(q) = q - 12. What is p(-9)?
-21
Let d(x) = -x**3 + 9*x**2 + 23*x - 13. What is d(11)?
-2
Let l(t) = -9*t - 50. Calculate l(-5).
-5
Let o(l) = l**3 - 7*l**2 - 15*l - 3. Determine o(8).
-59
Let i(v) = -v**3 - 12*v**2 - 32*v + 5. What is i(-5)?
-10
Let v(s) = s**3 - s**2 - 3*s + 3. Determine v(2).
1
Let h(s) = s**2 - 7*s + 10. Determine h(7).
10
Let f(z) = 2*z**2 + 23*z + 18. Calculate f(-11).
7
Let c(f) = f**3 + 6*f**2 + 6*f + 3. Calculate c(-4).
11
Let m(q) = -q**3 + 36*q**2 - 73*q + 127. What is m(34)?
-43
Let u(j) = j**3 - 6*j**2 - 11*j + 1. Give u(7).
-27
Let i(k) = -k